e the prime factors of t(6)?
2, 3
Let v = -13 - -12. Let k = v - -12. List the prime factors of k.
11
Let x = 27 + 40. What are the prime factors of x?
67
Let f = 28 + -15. Suppose x + 1 = 2. Let g = f + x. List the prime factors of g.
2, 7
Suppose -6 = u - 5*m + 16, 0 = u - 4*m + 17. List the prime factors of ((-2)/2)/(u/(-30)).
2, 5
Let l(n) = -4*n + 1. Let x(i) = 6*i**2 + 5*i + 9 + i**3 + 4*i - 17*i**2. Let z be x(10). List the prime factors of l(z).
5
Suppose 3*i + 4 = -4*j - 3, -20 = 4*i. Suppose -n + 4*z = -49, j*z - 2 = -12. List the prime factors of n.
29
Let r = 6 - 7. List the prime factors of r - (4 + -2) - -8.
5
Suppose -z - 2*d = -4*z + 40, 0 = -z - d + 15. Let u = -11 - -3. Let s = u + z. List the prime factors of s.
2, 3
Let h be 0 + 71 - 12/4. Suppose 5*n = -2*w + 2 + 20, 2*n = 4*w - h. List the prime factors of (-1*3)/((-24)/w).
2
Let n = 105 - 34. What are the prime factors of n?
71
Let y be 16/(-3)*(-117)/12. Let o be y/9 + (-4)/(-18). Let p(t) = -t + 8. What are the prime factors of p(o)?
2
Let f(n) = -n**3 + 5*n**2 + 3*n - 7. Let t(m) = 2*m - 12. Let p be t(8). Suppose 5*b - p = 21. What are the prime factors of f(b)?
2
Let j = 68 - 5. List the prime factors of j.
3, 7
Let v = -166 - -299. List the prime factors of v.
7, 19
Let i(z) = 126*z + 8. What are the prime factors of i(2)?
2, 5, 13
List the prime factors of 286/33 - (-2)/(-3).
2
Let s be (-3 - (-2 - 2))*4. What are the prime factors of 438/30 + s/10?
3, 5
Suppose -3*v - 76 = -280. Let c = v + -36. What are the prime factors of c?
2
Let d be 5/(15/(-6))*-2. Suppose -i = 5*v + 15, 2*v + 30 = -d*i + 6. List the prime factors of (48/14)/v*-7.
2, 3
Let j(b) = -b**3 + 13*b + 13. Let q be j(-9). Suppose s + a = -0*s + 125, 0 = 5*s - a - q. List the prime factors of s/10 + (-2)/(-4).
13
Let w(o) = -o + 7*o - 2 + 2. List the prime factors of w(3).
2, 3
Suppose 20 = -z - 0*z + 4*w, -4*z - 3*w = -15. Let p be z + (-2 + 1 - -1). Suppose p = -v - v + 14. List the prime factors of v.
7
Let x = -152 + 245. List the prime factors of x.
3, 31
Let q(y) = 8*y**3 + y**2. List the prime factors of q(1).
3
Let p(w) = 2*w**2 + 10*w - 4. Let i be p(-8). Suppose 0*t - 5*t = -150. Let v = i - t. What are the prime factors of v?
2, 7
List the prime factors of (-206)/(-10) - 4/(-10).
3, 7
Let d(f) = -f**3 - 4*f**2 - 2*f + 3. Let o be d(-3). Suppose 3*j - i - 28 = 9, 4*i - 8 = o. List the prime factors of j.
13
Suppose 4*q - 41 = 15. Let c(x) = -2*x**2 - 2. Let h be c(-2). Let a = q + h. List the prime factors of a.
2
What are the prime factors of (-1 - -3)/(2/23)?
23
Suppose -130 - 283 = -7*k. What are the prime factors of k?
59
Let m(q) = q - 4. Let x be m(7). Suppose -x*o = f - 6*o - 2, 0 = -2*f + 3*o + 16. What are the prime factors of f?
2, 7
Let q = 3 + -2. Let h be (-15)/10 + (-10)/(-4). List the prime factors of q + h + (-3)/(-3).
3
Suppose 0*b - 6 = 3*b + 3*s, -s - 2 = 0. Suppose b = 3*q + 2*u - 3 - 33, -u + 12 = q. What are the prime factors of q?
2, 3
Let p(d) = d**2 - 5*d - 3. Let o be p(-6). Suppose 3*r - 4*m + o = 15, r + m + 16 = 0. Let v = r - -32. List the prime factors of v.
2
Let f(l) = l**2 + 3*l - 8. Let m be f(-6). Suppose m = 3*q - 125. Suppose 0*j + 5*j - q = 3*a, 0 = 2*j + a - 7. What are the prime factors of j?
2, 3
Suppose 2*a = -a + 4*t + 5, 4*t + 8 = 4*a. Let d be 0*-2*(-2)/8. Let w = a + d. List the prime factors of w.
3
Let m = -32 - -113. Suppose -2*z - 2 = 3*v - m, -25 = -v - 2*z. Suppose 2*g + 0*k - v = -k, g = -2*k + 21. What are the prime factors of g?
11
Suppose -2 = 3*s + 4. Let f be (-3)/(-2)*s - 1. Let h = f - -7. List the prime factors of h.
3
Let y(v) be the second derivative of v**3/2 - 11*v**2/2 + 5*v. What are the prime factors of y(6)?
7
Suppose 0*y = y - 2. Suppose -x + 2*m = 4 + y, 0 = 4*m. What are the prime factors of (-5)/((-15)/x)*-1?
2
Let j = -3 + 5. Suppose -2*m + 8 = -j*f + 2*m, -4*m + 36 = 5*f. Suppose k + f*a = 26, k + 3*k - 32 = 2*a. List the prime factors of k.
2, 5
Let q = -7 + 9. List the prime factors of ((-6)/4)/((-1)/q).
3
Suppose -4 = -4*z + 8. Suppose z*m - 2*p - 23 = 0, -1 = -m - 4*p - 12. List the prime factors of (2 - m - 1)*-2.
2
Suppose 0*x = -x + 25. What are the prime factors of x*1*(-8)/(-20)?
2, 5
Let f = 1 - -2. Suppose -f*t = 5 - 17. Suppose -x - 17 = -4*x + 4*i, -i = t*x - 29. List the prime factors of x.
7
Let m(r) = -37*r. List the prime factors of m(-1).
37
Suppose -138 = -3*h + 4*f, 0*h + 4*h - 4*f = 188. List the prime factors of h.
2, 5
Let h(q) = -2*q + 18 - 18. List the prime factors of h(-5).
2, 5
Suppose k = -2*d + 19, d = 5*k + 17 - 79. What are the prime factors of k?
13
Let x = -24 - -100. List the prime factors of x.
2, 19
Suppose -5*v - 22 = m, 16 - 58 = 4*m - 3*v. What are the prime factors of (4/3)/((-8)/m)?
2
Let u = 703 + -410. List the prime factors of u.
293
Let s(x) = -x + 27. Suppose 0 = -5*v + 4*v + 5*m - 5, -4 = -4*v - 4*m. What are the prime factors of s(v)?
3
Let j = 115 + -80. List the prime factors of j.
5, 7
Suppose 4*a = 4*g - 396, -3*g + 299 = -4*a + 3*a. What are the prime factors of g?
2, 5
Let l be (18/8)/(18/48). List the prime factors of 22/2 - (l - 8).
13
Suppose 0 = q - 0*q + 3, -35 = -4*p + 5*q. Let h = p - -11. List the prime factors of h.
2
Suppose -2*j - 3*j - 1 = 3*o, -5*j = -2*o + 16. List the prime factors of (j + 0)/((-17)/340).
2, 5
Suppose p - 48 = 38. List the prime factors of p.
2, 43
Let y(t) = 27*t - 30. List the prime factors of y(6).
2, 3, 11
Let f = 10 + -6. Let t = f - 1. Suppose -t = 4*p - 7*p, -5*i + 49 = 4*p. What are the prime factors of i?
3
Let l = 190 + 27. What are the prime factors of l?
7, 31
Let n(z) = 96*z**2 - 5*z - 4. List the prime factors of n(-1).
97
Let m(j) = -j**3 - 8*j**2 + 9*j + 8. Let q = -1 + 4. Suppose 2*p = g + 17, g - q = -0*g - 3*p. What are the prime factors of m(g)?
2
Let n(y) = 2*y + 2*y + 2*y. Let a be n(5). Suppose -b = 2*b - a. List the prime factors of b.
2, 5
Let l(v) be the second derivative of 2*v + 7/12*v**4 + 2/3*v**3 + 0 - 3*v**2 + 1/20*v**5. What are the prime factors of l(-6)?
2, 3
Suppose -5*v = 5*j + 24 - 244, v = -4*j + 29. List the prime factors of v.
7
Let m = 19 + -15. List the prime factors of ((7 - m) + 2)*2.
2, 5
Suppose -5*r + 4*q + 41 = -0*r, -5*r + 9 = 4*q. Suppose -165 = -4*w - w. What are the prime factors of w/r - 12/(-30)?
7
Suppose 3*p - 2 = -2*s - 3*s, 5*s + 10 = 0. Suppose o = -p*o + 3*q + 45, 0 = 2*q - 10. What are the prime factors of ((-10)/(-6))/(2/o)?
2, 5
Let q(a) = -a**3 - 7*a**2 + 16. What are the prime factors of q(-7)?
2
Let q be (-1)/(2 + -3 - -2). Let c = 17 + q. List the prime factors of c.
2
Let f = 28 - 19. List the prime factors of f.
3
Suppose 0 = 3*q + 5*o - 32, 5 = -2*o + 13. Suppose -q*r = 3*t - 41, 0*t + 34 = 2*t - 4*r. List the prime factors of t.
3, 5
Let w(u) be the first derivative of -1 - 1/2*u**2 + 3*u. What are the prime factors of w(-6)?
3
Suppose 0 = -5*j + 78 + 377. List the prime factors of j.
7, 13
What are the prime factors of (1*4)/(4/(132/3))?
2, 11
Let m(a) = -5 - 6*a - 1 - a**2 + 4 + 4. Let j be m(-6). Let v = j - 0. What are the prime factors of v?
2
Let p = 1 + -3. Let a be 3/6 - p/4. List the prime factors of (a/(-2))/((-3)/60).
2, 5
Let n = -3 + 6. List the prime factors of (1 - 4)/(n/(-10)).
2, 5
Suppose 3*j = -j. Suppose -3*p + j*p + 18 = 0. What are the prime factors of 2/(-2)*(1 - p)?
5
Suppose -j - 6 = -27. Let r be 668/14 + 6/j. Suppose -y = 3*y - r. List the prime factors of y.
2, 3
Let u(a) = -a**3 + 3*a**2. Suppose -l + 3*f = -11, 5*l = -f - f + 4. Let b be u(l). Suppose y - b*v + 6 = 0, -4*y + 3*v + 2 = -0. List the prime factors of y.
2
Suppose -t = 2*t - 51. Suppose z = j - 2*z - t, -4*z + 64 = 3*j. List the prime factors of j.
2, 5
Suppose 0 = -2*i + 2 + 4. Suppose y = u + i, 5*u - 6 + 16 = 0. Let n = 3 + y. List the prime factors of n.
2
Let f = 1088 - 730. What are the prime factors of f?
2, 179
Let f(i) = 4*i**3 - 2*i + 1. Let b be f(1). List the prime factors of -1 + 25 + (b - 5).
2, 11
Let x(k) = -2 - 2*k + 15 - 7. What are the prime factors of x(-5)?
2
Suppose 4*b - 8 = 0, 0*t - 33 = -t + 4*b. What are the prime factors of t?
41
Let y(l) = l**2 + l - 3. Let f be y(-4). Let k = 16 - f. Let r = k - -5. What are the prime factors of r?
2